ghest common divisor of 2585136 and 18.
6
Calculate the highest common divisor of 30144 and 18588.
12
Calculate the highest common factor of 18905681 and 86.
43
Calculate the highest common factor of 68 and 186832.
4
What is the highest common factor of 3619767 and 492?
123
Calculate the highest common divisor of 6976490 and 26860.
790
Calculate the greatest common factor of 21759501 and 18.
3
Calculate the greatest common factor of 3432323 and 16587106.
14731
Calculate the highest common divisor of 933155000 and 3088.
1544
Calculate the highest common divisor of 65799 and 1026.
27
What is the highest common divisor of 16 and 826624?
16
Calculate the highest common factor of 2695445 and 5.
5
Calculate the highest common factor of 4703217 and 7141.
193
What is the greatest common divisor of 434940 and 1356?
12
Calculate the highest common divisor of 24260 and 2620.
20
Calculate the highest common factor of 91037880 and 4.
4
What is the greatest common divisor of 11205432 and 13272?
168
Calculate the highest common divisor of 38 and 22548117.
19
What is the highest common factor of 22704128 and 38912?
2048
What is the greatest common divisor of 748204578 and 3366?
3366
Calculate the highest common factor of 3016 and 20999654.
754
Calculate the highest common divisor of 6886440 and 235.
235
Calculate the highest common divisor of 5128156 and 1298.
22
Calculate the greatest common factor of 218561334 and 24.
6
What is the greatest common divisor of 12403084 and 97796?
4252
Calculate the highest common factor of 24640 and 186890.
110
What is the greatest common factor of 10875788 and 7392?
308
What is the greatest common factor of 156 and 17231409?
39
Calculate the greatest common divisor of 1717052808 and 27344.
13672
What is the greatest common factor of 889888 and 2512?
16
What is the highest common factor of 5544 and 2916936?
792
What is the greatest common factor of 2039952 and 2430?
6
What is the greatest common divisor of 1 and 1173905?
1
Calculate the greatest common factor of 220744 and 1528152.
328
Calculate the highest common factor of 61 and 33991213.
61
What is the highest common factor of 2282 and 604282?
14
What is the highest common divisor of 1474442361 and 137?
137
What is the greatest common factor of 573161017 and 1066?
533
Calculate the greatest common factor of 68306 and 732547.
697
Calculate the greatest common divisor of 39 and 67508103.
39
Calculate the greatest common factor of 149451 and 1434.
3
What is the greatest common factor of 3744 and 508612?
52
Calculate the highest common factor of 3838334 and 56158.
1306
Calculate the greatest common factor of 30236653 and 226.
113
What is the highest common factor of 773674 and 10369678?
3058
What is the greatest common divisor of 5566 and 6260738?
506
Calculate the highest common divisor of 7931 and 1140909.
77
What is the greatest common divisor of 377 and 7317284?
13
What is the highest common factor of 17603 and 98687?
29
Calculate the greatest common divisor of 930 and 96240930.
30
Calculate the greatest common divisor of 1362867 and 1617.
33
Calculate the greatest common divisor of 164744167 and 63.
7
Calculate the highest common factor of 378413001 and 279.
279
What is the highest common factor of 26847864 and 60?
12
What is the highest common factor of 279 and 4171577?
31
What is the greatest common divisor of 377195 and 18200?
455
Calculate the greatest common factor of 220756450 and 22530.
7510
Calculate the greatest common divisor of 125222 and 37338.
254
Calculate the highest common factor of 143376 and 1671.
3
What is the greatest common divisor of 407641 and 14326?
13
What is the highest common factor of 40358623 and 1835?
367
Calculate the greatest common divisor of 6099060 and 825.
165
Calculate the greatest common factor of 756 and 5149767.
21
What is the greatest common factor of 113387 and 1586566?
71
Calculate the greatest common divisor of 9440 and 100370.
10
What is the greatest common divisor of 38007897 and 2676?
669
Calculate the greatest common divisor of 76613313 and 147.
147
What is the highest common factor of 386027895 and 1155?
165
Calculate the highest common divisor of 120189264 and 1128.
24
Calculate the highest common divisor of 55438088 and 4284.
68
Calculate the greatest common divisor of 16106012 and 104.
52
Calculate the greatest common divisor of 7852854 and 18706.
94
What is the greatest common factor of 5798624 and 32612?
1052
Calculate the highest common divisor of 480477 and 39.
3
Calculate the highest common divisor of 33153423 and 513.
57
What is the greatest common divisor of 174 and 1114383?
87
What is the highest common divisor of 174823088 and 176?
176
Calculate the greatest common factor of 123556620 and 57.
57
What is the highest common divisor of 13508 and 2018832?
1228
What is the highest common factor of 19155539 and 117?
13
Calculate the highest common factor of 192165 and 587190.
345
What is the greatest common factor of 195 and 10700100?
15
Calculate the greatest common factor of 5822298 and 73188.
1926
Calculate the highest common factor of 71772 and 5844.
12
What is the greatest common divisor of 2940 and 13887972?
588
Calculate the highest common factor of 4112251 and 77.
11
What is the highest common factor of 61025 and 20780233?
2441
Calculate the greatest common divisor of 144690 and 27930.
210
Calculate the highest common divisor of 1123680 and 4800.
480
What is the greatest common divisor of 12056951 and 19268?
4817
What is the greatest common factor of 17687783 and 7641?
283
Calculate the greatest common divisor of 33151152 and 372.
372
Calculate the highest common divisor of 1405726 and 72037.
287
What is the greatest common factor of 205110 and 153435?
795
What is the highest common factor of 232893867 and 16809?
1293
Calculate the greatest common factor of 5873 and 8094672.
839
Calculate the greatest common factor of 5432021 and 1925.
7
Calculate the highest common factor of 1976 and 248321944.
1976
What is the highest common factor of 392 and 5731628?
196
What is the highest common divisor of 4838 and 378676?
82
What is the greatest common divisor of 32482175 and 5800?
725
What is the highest common divisor of 153775371 and 963?
321
Calculate the greatest common factor of 24340 and 259117555.
6085
What is the greatest common divisor of 147957239 and 7973?
1139
What is the greatest common divisor of 177720256 and 3136?
3136
What is the greatest common divisor of 1 and 124467?
1
Calculate the greatest common divisor of 2785 and 1618519460.
2785
Calculate the greatest common factor of 14 and 27050926.
14
What is the highest common divisor of 15648 and 51660?
12
What is the greatest common factor of 64 and 2454248?
8
What is the greatest common divisor of 434240520 and 4080?
2040
What is the highest common factor of 100 and 141961950?
50
Calculate the highest common divisor of 163062693 and 56259.
8037
Calculate the greatest common divisor of 2692 and 597432868.
2692
What is the highest common factor of 1071365590 and 446?
446
Calculate the greatest common factor of 724 and 24396266.
362
What is the greatest common factor of 3815 and 9240?
35
What is the highest common factor of 174 and 16790478?
174
Calculate the highest common factor of 10286292 and 544.
68
Calculate the highest common divisor of 10335963 and 869.
11
Calculate the greatest common factor of 2444 and 169388.
188
What is the greatest common factor of 3571599442 and 38?
38
What is the highest common factor of 2562 and 388101154?
854
Calculate the highest common factor of 2381091 and 190081.
1451
What is the highest common divisor of 32418 and 22570132?
3602
Calculate the greatest common factor of 13907360 and 640.
160
What is the greatest common factor of 80 and 317694120?
40
What is the highest common factor of 41 and 987977?
41
Calculate the greatest common factor of 7281930 and 60.
30
Calculate the greatest common factor of 10745984 and 113450.
4538
Calculate the highest common factor of 1980 and 53570484.
396
Calculate the greatest common divisor of 4964 and 8368148.
68
What is the greatest common factor of 336 and 3997500?
12
What is the highest common factor of 553 and 216034427?
553
Calculate the greatest common divisor of 14398714 and